1. Give y(-11).
-271
Let c(o) = 2*o**3 - 22*o**2 + 24*o - 5. Calculate c(10).
35
Let h(d) = -d**2 - 9*d - 1. Calculate h(-7).
13
Let o(l) = -l**2 - 247*l - 1765. Calculate o(-7).
-85
Let l(t) = -2*t**2 - 35*t - 149. Calculate l(-16).
-101
Let q(j) = -25*j + 241. What is q(28)?
-459
Let s(o) = -2*o**3 + 20*o**2 + 109*o + 30. What is s(14)?
-12
Let i(n) = 15*n**2 - 303*n - 4541. Give i(-10).
-11
Let m(v) = v**3 + 122*v**2 - 376*v - 88. What is m(-125)?
37
Let t(k) = -77*k + 310. Give t(4).
2
Let s(n) = 172*n + 1372. Determine s(-8).
-4
Let f(w) = w**3 - 21*w**2 + 87*w - 165. Determine f(16).
-53
Let q(x) = -124*x - 232. What is q(-2)?
16
Let t(c) = -54*c - 1306. Calculate t(-38).
746
Let h(f) = 265*f + 27566. What is h(-104)?
6
Let s(l) = -28*l**2 - 3*l + 1. Calculate s(-1).
-24
Let j(p) = p**3 + 5*p**2 - 8*p + 22. What is j(-6)?
34
Let t(w) = w**2 - 113*w - 4651. Give t(-32).
-11
Let p(a) = -a**2 - 72*a + 451. Give p(6).
-17
Let i(l) = l**3 - 100*l + 29. Give i(-10).
29
Let j(o) = 1778*o + 15995. Give j(-9).
-7
Let p(u) = -139*u + 20172. Calculate p(145).
17
Let o(x) = x**3 - 6*x**2 + 7*x - 14. Determine o(8).
170
Let y(n) = 4*n**2 - 9*n - 6. Calculate y(1).
-11
Let k(h) = -h**3 + 11*h**2 - 12*h + 50. What is k(12)?
-238
Let p(d) = -d**3 - 7*d**2 + 78*d - 44. Calculate p(9).
-638
Let x(t) = -3*t**3 + 18*t**2 + 22*t + 2. What is x(-1)?
1
Let d(t) = -8*t**2 + 140*t - 140. What is d(16)?
52
Let v(s) = 835*s - 4909. Calculate v(6).
101
Let y(w) = w**3 - 4*w**2 + 73*w - 201. Determine y(3).
9
Let k(a) = -3*a**2 - 51*a + 450. Determine k(8).
-150
Let g(l) = -l**2 + 54*l - 585. Calculate g(22).
119
Let l(f) = f**3 + 5*f**2 + 15*f + 48. Calculate l(-4).
4
Let d(c) = -6*c - 121. Give d(-41).
125
Let r(z) = -3*z**2 - 5*z + 56. Determine r(5).
-44
Let l(o) = 477*o - 181265. Give l(380).
-5
Let d(r) = 88*r - 451. Calculate d(5).
-11
Let k(m) = m**3 + 15*m**2 - 4*m - 78. Determine k(-17).
-588
Let k(g) = 2*g**2 + 189*g - 2100. Calculate k(10).
-10
Let j(d) = -d**2 + 114*d - 3209. Calculate j(63).
4
Let k(o) = o**3 - 33*o**2 + 119*o + 17. Give k(27).
-1144
Let b(c) = 11*c - 279. Calculate b(31).
62
Let y(c) = -2*c**2 - 68*c + 202. Give y(-25).
652
Let r(y) = y**3 - 6*y**2 - 19*y + 49. Determine r(8).
25
Let f(i) = -i**3 + 100*i**2 - 271*i - 1935. Calculate f(97).
5
Let d(t) = -t**3 + 36*t**2 - 34*t - 101. Calculate d(35).
-66
Let y(c) = c**3 - 203*c**2 + 781*c + 2986. Give y(199).
1
Let m(t) = -4*t**2 - 1576*t + 9606. Determine m(6).
6
Let q(g) = -2*g**2 - 23*g + 31. Give q(-13).
-8
Let h(z) = 5*z**2 - 279*z + 1706. What is h(7)?
-2
Let p(i) = 2*i**2 + 204*i - 342. What is p(-104)?
74
Let l(g) = 108*g**3 - 2*g**2 - 2*g + 2. Calculate l(1).
106
Let z(a) = -12006*a - 48029. Calculate z(-4).
-5
Let k(u) = u**2 + 22*u - 14. Calculate k(-26).
90
Let v(w) = -w**3 - 78*w**2 + 7507*w + 403. What is v(-134)?
1
Let a(s) = -s**2 + 103*s + 65. Determine a(109).
-589
Let p(v) = 266*v - 261. Determine p(1).
5
Let u(k) = 2*k**2 + 186*k + 4191. Give u(-55).
11
Let n(d) = 68*d**2 - 43*d - 47. What is n(-1)?
64
Let h(p) = -8*p - 108. Determine h(30).
-348
Let h(i) = 3*i**3 - 122*i**2 - 2719*i + 19. What is h(-16)?
3
Let g(o) = -2*o**3 + 73*o**2 - 339*o - 61. Determine g(31).
1
Let z(l) = -641*l - 18739. What is z(-29)?
-150
Let u(d) = -18*d**2 + 25*d - 5. Determine u(2).
-27
Let v(f) = 9*f**2 - 15*f + 7. Give v(7).
343
Let j(z) = z**2 - 25*z - 17. Give j(26).
9
Let t(r) = -22*r - 2527. Determine t(-115).
3
Let l(m) = m**2 - 61*m - 745. Determine l(70).
-115
Let w(z) = 1391*z - 36169. What is w(26)?
-3
Let d(g) = -213*g - 899. Give d(-5).
166
Let i(c) = -2*c**2 - 38*c - 174. Give i(-9).
6
Let q(y) = y**3 + 16*y**2 + 55*y + 33. What is q(-11)?
33
Let c(t) = 289*t - 291. What is c(1)?
-2
Let t(j) = -3*j**3 - 19*j**2 - 44*j + 8. Calculate t(-6).
236
Let d(i) = i**2 - 54*i + 733. What is d(32)?
29
Let h(r) = r**2 + 238*r - 1278. Give h(5).
-63
Let u(o) = -166*o + 808. What is u(4)?
144
Let q(l) = 2*l**3 + 135*l**2 + 12*l - 3688. What is q(-67)?
-3
Let m(a) = -15*a**2 - 15*a. Calculate m(-4).
-180
Let i(x) = x**2 + 394*x - 152156. Calculate i(240).
4
Let d(u) = -u**2 + 96*u - 2197. Give d(38).
7
Let g(z) = 264*z + 2199. Determine g(-8).
87
Let x(f) = -184*f - 562. Calculate x(-3).
-10
Let u(b) = 1520*b + 7596. Determine u(-5).
-4
Let i(w) = 2*w**3 - 39*w**2 + 68*w - 172. Determine i(18).
80
Let x(n) = 70*n - 602. What is x(7)?
-112
Let m(n) = -2*n**3 + 12*n**2 + 28*n + 2. Give m(8).
-30
Let d(j) = 2*j**3 + 35*j**2 - 52*j + 96. What is d(-19)?
1
Let a(m) = -37*m + 792. Determine a(30).
-318
Let w(s) = -s**3 - 34*s**2 + 64*s - 277. What is w(-36)?
11
Let c(l) = 9*l + 518. What is c(-47)?
95
Let s(n) = 229*n + 112. Give s(-1).
-117
Let i(g) = -3*g**2 + 32*g + 40. What is i(12)?
-8
Let d(h) = 5*h**2 - 44*h + 84. What is d(5)?
-11
Let h(u) = 4*u**2 - 224*u + 1199. Determine h(50).
-1
Let c(z) = -2*z**2 + 11. Give c(3).
-7
Let w(d) = d**2 - 18*d + 150. Give w(0).
150
Let s(d) = -d**3 - 11*d**2 - 16*d + 60. Calculate s(-8).
-4
Let h(i) = 3*i**3 - 18*i**2 - 13*i + 4. Calculate h(7).
60
Let b(y) = y**3 + 7*y**2 + 15*y + 11. Determine b(-7).
-94
Let q(b) = -69*b - 656. What is q(-6)?
-242
Let v(x) = 27*x + 637. Calculate v(-23).
16
Let s(r) = -r**2 + 55*r - 313. What is s(7)?
23
Let r(n) = 2034*n - 4061. Determine r(2).
7
Let r(s) = 24*s**2 + 504*s + 35. Calculate r(-21).
35
Let w(u) = 4*u**2 + 24*u + 23. What is w(-6)?
23
Let f(k) = -48*k - 525. Give f(-10).
-45
Let l(k) = 20*k - 260. Determine l(9).
-80
Let v(j) = 2*j**3 - 67*j**2 + 43*j - 125. What is v(33)?
205
Let p(v) = 12*v**2 - 4*v - 34. Give p(-4).
174
Let u(p) = -70*p + 989. Give u(14).
9
Let k(s) = -62*s + 3279. Give k(53).
-7
Let o(t) = t**3 - 16*t**2 + 48*t - 5. Determine o(12).
-5
Let p(l) = l**3 - 2*l**2 - 13*l - 6. Give p(6).
60
Let v(n) = -n**3 + 10*n**2 + 46*n - 43. What is v(-4)?
-3
Let w(i) = -308*i + 304. What is w(1)?
-4
Let u(y) = 2800*y + 61592. Calculate u(-22).
-8
Let g(q) = 514*q - 2165. What is g(4)?
-109
Let k(n) = -12*n**2 + 22*n - 78. Determine k(5).
-268
Let j(t) = 62*t - 6697. Calculate j(108).
-1
Let s(c) = 89*c + 1956. Give s(-23).
-91
Let i(s) = 2*s**3 + 15*s**2 - 21*s - 104. Determine i(-8).
0
Let f(z) = 2*z**2 + 31*z + 61. Give f(-15).
46
Let p(c) = c**2 - 14*c - 148. Calculate p(-9).
59
Let k(c) = 8*c - 82. Determine k(9).
-10
Let q(y) = 2*y**3 + 9*y**2 + 71*y + 10. What is q(-7)?
-732
Let o(m) = m**3 - 13*m**2 - 11*m + 36. Determine o(13).
-107
Let o(l) = 1341*l + 32182. Give o(-24).
-2
Let v(d) = -2*d**3 + 106*d**2 + 86*d + 1221. What is v(54)?
33
Let m(z) = -4*z**2 - 61*z - 47. Give m(-15).
-32
Let m(r) = 10*r + 67. What is m(-7)?
-3
Let c(r) = r**3 + 11*r**2 + 33*r + 30. What is c(-2)?
0
Let y(a) = -16*a - 464. What is y(-30)?
16
Let h(y) = -2*y**2 - 3*y + 955. Give h(-22).
53
Let d(a) = a**3 - 6*a**2 - 526*a - 49. Calculate d(-20).
71
Let a(m) = -10*m**3 - 22*m**2 + 35*m + 74. What is a(-2)?
-4
Let k(t) = 14*t - 152. Give k(-9).
-278
Let g(h) = -h**2 - 26*h + 17. Calculate g(-23).
86
Let a(g) = 230*g - 31291. Give a(136).
-11
Let j(w) = -w**3 - 11*w**2 - 31*w + 17. Give j(-8).
73
Let j(a) = -218*a - 219. Give j(-2).
217
Let j(p) = 15883*p + 15887. Determine j(-1).
4
Let g(o) = o**3 + 2*o**2 - 109*o - 99. Calculate g(-11).
11
Let w(p) = -26*p - 485. What is w(-19)?
9
Let s(i) = i**3 + 28*i**2 + 47*i - 226. What is s(-26)?
-96
Let z(n) = -2457*n - 22106. Determine z(-9).
7
Let n(q) = -q**3 - 28*q**2 - 106*q - 2963. Calculate n(-28).
5
Let z(w) = -88*w + 1151. Give z(13).
7
Let x(y) = -13*y + 912. Determine x(4).
860
Let d(x) = x**2 - 604*x - 1820. Calculate d(-3).
1
Let o(d) = d**3 - 19*d**2 - 27*d - 120. Determine o(21).
195
Let x(i) = -61*i + 664. What is x(10)?
54
Let v(f) = 24*f**2 - 176*f - 126. Determine v(8).
2
Let d(c) = -125*c - 310. What is d(-3)?
65
Let x(h) = h**2 + 17*h - 195. Calculate x(9).
39
Let w(d) = -d**2 - 9*d + 1179. Give w(30).
9
Let q(r) = r**3 + 10*r**2 + 10*r + 94. Calculate q(-10).
-6
Let t(l) = -9*l - 198. What is t(-27)?
45
Let b(j) = j**3 - 11*j**2 + j + 33. What is b(10)?
-57
Let u(i) = -2*i**3 + 91*i**2 + 43*i + 146. Calculate u(46).
8
Let o(q) = -1387*q - 12476. Calculate o(-9).
7
Let m(q) = -31*q + 1267. Calculate m(41).
-4
Let b(w) = -2*w**2 - 44*w - 200. What 